4*n + 4. Suppose -14*v = -16*v - 8. Let k be ((-20)/v)/5 + (-3)/(-1). Determine z(k).
4
Let u be (4 + -1)*9686/(-87). Let z = u + 321. Let i(p) = -p**3 - 13*p**2 + p - 5. Determine i(z).
-18
Let x(k) be the third derivative of 0*k**3 - 89*k**2 + 0*k + 0 + 1/24*k**4. Calculate x(2).
2
Suppose 6 = -2*h + 2*v, 3*h - 5*v - 2 = -11. Let w(m) = 3*m**2 - 5*m - 7. Give w(h).
35
Let p(h) = 2*h**2 - 48*h + 167. Let z = -3431 - -3451. Give p(z).
7
Let g(c) = c - 11. Let d be g(-5). Let n = d + 18. Let j(y) = 1 - 4 + 4 - 2*y**3 + y**n + 2*y - 2. Calculate j(2).
-9
Let r(x) = 24*x + 35. Let v be r(-2). Let s(c) = 5*c**2 + 62*c - 42. Calculate s(v).
-3
Suppose -14*g + 4*g = -590. Suppose 15*t = g + 16. Let f(y) be the first derivative of -y**3/3 + 3*y**2/2 + 2*y + 3. What is f(t)?
-8
Suppose 3*z - 2*i - 16 = 0, -6*i = -5*z - 4*i + 20. Suppose 2*a = -12 - z. Let t(b) = b**3 + 8*b**2 + 7*b - 6. Determine t(a).
-6
Let l(d) = -49*d + 3. Suppose 3*c - 3*m - m = 2, 5*c = -2*m - 14. What is l(c)?
101
Let h(z) be the third derivative of -3*z**4/8 - 68*z**3/3 + 6137*z**2. Determine h(-16).
8
Let q = 1788 + -1791. Let f(s) = -8*s + 4. Determine f(q).
28
Let c(m) = m**2 + m. Let q(r) = -7*r**2 - 12*r + 1. Let v(p) = 5*c(p) + q(p). Let w(s) = -s**2 + 279*s - 833. Let l be w(3). Determine v(l).
-14
Let x(b) = 4*b**2 - 1. Let r(m) = 4*m - 17*m + 4 + 5*m + 0*m**3 + m**3. Let t be r(-3). Calculate x(t).
3
Suppose -5*r + 44 = -7*r. Let u = r - -24. Let a(k) = -3 - 8*k - 17*k + 31*k - k**u. Calculate a(4).
5
Let k(j) = -9*j + 6 + 93*j + 6 - 13*j - 72*j. Suppose -5*n + 10 = -40. Determine k(n).
2
Let c(u) = 31*u**2 - 19*u - 26. Let x(t) = -7*t**2 + 5*t + 7. Suppose -o + 20 = 2*s, 5*s + 4*o - 2*o = 49. Let f(y) = s*x(y) + 2*c(y). Determine f(9).
-7
Let h(y) = 14*y + y**2 + 715 + 7*y**2 + 725 + 0*y**3 - y**3 - 1453. What is h(9)?
32
Let m(h) = -3*h**2 - 39*h - 6. Let w(n) = -381*n + 1511. Let b be w(4). Calculate m(b).
-6
Let l(y) = -y**3 + 16*y**2 + 4*y + 17. Let f be l(16). Let h = 78 - f. Let d(j) be the second derivative of j**5/20 + j**4/6 + 3*j**2/2 - 5*j. Determine d(h).
-6
Let y(i) be the second derivative of -i**3/2 - 3*i**2 - 36*i. Let b(z) = -z**2 - 16*z - 55. Let w be b(-6). What is y(w)?
-21
Suppose 2*p - b = -9, 13 + 14 = -4*p + 5*b. Let w(v) be the second derivative of -5/6*v**3 + v**2 + 0 - 50*v. Calculate w(p).
17
Let t(w) = 3*w + 3. Suppose -d - 24 = -4*f, 7*d = f + 3*d - 21. Suppose -3*j + f = -5*v, v = -2*j - 10 - 4. Determine t(j).
-12
Suppose 2 = -0*t + 5*t - 4*v, 4*t - v - 6 = 0. Suppose 3*m - 26 = t*j, 0 = -12*m + 8*m + j + 28. Let f(k) = -k + 12. Determine f(m).
6
Let k be (-4)/(-14) - (178/(-14) + 1). Let n(f) = -15 - 21 + 35 - k*f. Determine n(-1).
11
Let g(l) = -l**2 - 1. Let h = 152 - 154. Let c(a) = 3*a**2 + 6*a + 9. Let i(w) = h*g(w) - c(w). Calculate i(-5).
-2
Let r(g) = 2*g**3 + 4*g**2 + 3. Suppose 16*k - 9*k - 14 = 0. Suppose 0 = 4*n + 4*y - 8, 0*n = -n - k*y + 7. Give r(n).
-15
Suppose 702 = -12*k + 630. Let o(q) = 3*q - 14. Calculate o(k).
-32
Let l(d) be the third derivative of -d**6/360 - d**5/12 - 7*d**4/24 + 71*d**3/6 + 2*d**2 - 13. Let h(u) be the first derivative of l(u). Determine h(-5).
18
Let t = 7 - -14. Let i = t - 27. Let a(d) = -24*d + 4*d + 10*d + 1 + 11*d + 3. Give a(i).
-2
Let x = -57 + 59. Let w be (-3)/5 - 48/(-5). Suppose 5*f + x*r - 32 = -w, 21 = 4*f - r. Let q(i) = -i**2 + 6*i - 2. Give q(f).
3
Let n be (140/(-105))/(40/42 + -1). Let o = n + 13. Suppose 10*c + o = -39. Let k(j) = -j - 12. Calculate k(c).
-4
Let f(l) = -11*l**2 + 8*l - 18. Let j(k) = 25*k**2 - 16*k + 41. Let v(r) = 9*f(r) + 4*j(r). What is v(-3)?
-13
Let w(o) = -o**2 - 8*o - 11. Let z(x) = x**3 + 5*x**2 - 6*x + 32. Let h be z(-6). Suppose -10 = 2*l - 4*n, -h = l + n - 24. Calculate w(l).
-4
Let r = -677 + -28. Let h = r + 711. Let u(s) = -s - 2. Determine u(h).
-8
Let u(g) = -10*g - 35. Let f be u(-6). Let t(h) = -27*h + h**2 - f*h - 1 + 51*h. Calculate t(6).
29
Let m(b) = -2*b - 3. Suppose -5*v - 985 = -930. Calculate m(v).
19
Let f(r) = 16*r**3 - 34*r**2 + 3*r - 3. Let n be f(2). Let b(k) = 11*k - 12. Determine b(n).
-67
Let s(c) = -c**3 + 10*c**2 - 9*c - 2. Let j = -480 - -250. Let x = 239 + j. Determine s(x).
-2
Let s = -21 - -54. Let b = 37 - s. Let l(m) = -6*m**2 + 2*m**2 - 8*m + m**2 + b*m**2 + 6. Determine l(8).
6
Let x(p) be the first derivative of -p**4 + p**3/3 + 59. Let u = -1143 - -1142. What is x(u)?
5
Let z(v) be the second derivative of -4*v**3/3 + 25*v**2 - 2*v + 16. What is z(6)?
2
Let y(k) = k**3 - k**2 - 5*k - 6. Suppose n - 4*u + 13 = 46, 5*n - 2*u - 39 = 0. What is y(n)?
69
Let b(l) = -359*l - 1809. Let c be b(-5). Let j(t) = -5*t**2 - 71*t - 22. What is j(c)?
-8
Let z(a) be the first derivative of -4*a**3/3 - a**2/2 - 2*a + 21. Let m(s) = -s**2 + 38*s - 326. Let p be m(13). What is z(p)?
-5
Let c be ((-8)/(-6))/(55/(-16995)). Let u = c - -410. Let a(q) = q + 2. Give a(u).
0
Let d(z) be the second derivative of -z**5/20 - z**4/12 + z**3/6 + 3*z**2/2 + 12*z. Let f be d(0). Let q(h) = 2 + f - 4*h - h**2 - 2. Determine q(-5).
-2
Let j(k) be the third derivative of k**6/120 - k**5/20 - k**4/8 - 5*k**3/6 - 2*k**2. Suppose z + 86 = 87. Let r(l) = -23*l + 27. Let q be r(z). Determine j(q).
-1
Let u be 0/(0/(-4) + (2 - 1)). Let a(x) = 5*x**3 + u - 4*x**3 + 7*x - 8 - 9*x + 4*x**2. What is a(-4)?
0
Let r(c) = c**2 + 9*c - 1. Let w(p) = 2*p. Let d(v) = 2*r(v) - 9*w(v). What is d(-3)?
16
Let r(z) = -3*z - 738. Let i be r(-246). Suppose -1 + 0 = -j. Let y(x) = -j + x - 1 + x**3 + 0*x**2 + x**2. Calculate y(i).
-2
Let y(d) = d**3 + 7*d**2 + 2*d - 4. Let a(k) = -22*k - 1213. Let i be a(-55). Determine y(i).
26
Let z be (-4 + 3)/((-2)/10). Let v(w) be the first derivative of w**3/3 - 2*w**2 - 9*w + 70. Determine v(z).
-4
Let f(y) = -13*y - 136*y**2 - 55 + 43*y**2 + 46*y**2 + 86 + 49*y**2. What is f(5)?
16
Let q(b) = -b**2 - 9*b - 8. Let v be -4*((-8)/(-12))/((-4)/(-105)). Let a = -27 + 90. Let s = a + v. Calculate q(s).
6
Suppose 1 = 6*i - 11. Let r be (-3)/i*(-10)/15. Let j(w) = -w**3 + 1. Let t(h) = -8*h**3 - h**2 + h - 3. Let k(q) = r*t(q) + 4*j(q). Give k(-1).
11
Let j = 17 - 13. Let d(u) = u**3 - u**2 - 9*u - 17. Let k be d(j). Let t(g) = -3*g - 5*g**2 - 1 + 4*g**2 + 6. What is t(k)?
-5
Let g(b) be the third derivative of b**6/120 + 7*b**5/20 + 37*b**4/24 - 23*b**3/6 - 656*b**2. Give g(-19).
-4
Let z(d) = 103*d + 108. Let m(l) = -11*l - 12. Let f(n) = 19*m(n) + 2*z(n). Give f(-6).
6
Let j(n) = n**3 - 18*n**2 + 17*n. Let o be j(17). Let h(c) = c + 835 + 852 - c**2 + c**2 - 1659 + c**2. Calculate h(o).
28
Let t(h) = h**3 + 35*h**2 - 115*h - 35. Let g be t(-38). Let w(f) = -5*f**3 + 3*f**2 + 2*f + 3. What is w(g)?
-99
Let v(r) = 2*r**3 - 4*r**2 + 7*r - 4. Let o = 284 + -285. Let s(u) = -u**2 + 2*u - 1. Let l(c) = o*s(c) + v(c). Give l(3).
39
Let o(u) = -u**2 - 25*u + 30. Let z be o(-26). Suppose 8*k = 10*k - z. Suppose k*g + g - 2*s - 31 = 0, 0 = -5*s - 25. Let v(y) = y - 13. Calculate v(g).
-6
Let a(v) be the second derivative of -v**4/6 + 4*v**3 - 34*v**2 - 9*v + 316. Calculate a(8).
-4
Suppose -4*g + 4 = 4*a - 20, 2*a + 3*g = 12. Let y(p) = -p + 5*p + 0*p + 16 + 3. Let s(i) = -i - 6. Let w(l) = -7*s(l) - 2*y(l). Determine w(a).
-2
Let l(u) = 8*u - 1. Let r be l(1). Suppose 11*m = 10*m + 7. Let f(a) = m*a + 7*a**2 + a**3 + 7*a - r*a - 5 + 6. Give f(-6).
-5
Let w = 4759 - 4755. Let p(u) = 4*u - 12. Give p(w).
4
Let w(b) be the first derivative of -5*b + 1/2*b**2 + 186. Give w(7).
2
Let k(m) = 56*m - 448. Let s be k(8). Let u(r) = -r**3 - r**2 + 6*r - 8. Determine u(s).
-8
Let r(k) = -k**3 - 10*k**2 + 24*k + 7. Suppose 169*y + 2146 = 18 + 100. Give r(y).
7
Let z(w) = -3954 + 5*w - 8*w + 1977 + w**2 + 1980 - 17*w. Give z(16).
-61
Let p(b) be the first derivative of -b**3 - 12*b**2 - 46*b + 5465. Calculate p(-5).
-1
Let d(f) = -f**3 - 4*f**2 + 5*f + 2. Let m(v) = -17*v**2. Let t be m(1). Let x be 0 + (-1 - -2) - (14 + (-11 - -10)). Let l = t - x. Calculate d(l).
2
Let a(x) = x - 6. Let y(u) be the first derivative of u**2 - u + 12. Let f be y(2). Suppose 6*q + 2*q = f*q. Determine a(q).
-6
Let w(m) = -17*m + 9. Let p(r) = 14*r - 10. Suppose 2*l + 14 = -4*g, 3*g - 3*l = -23 - 1. Let f(a) = g*w(a) - 6*p(a). What is f(-5)?
10
Let d(c) = 3*c**2 + 9*